t the prime factors of 3470791.
31, 103, 1087
List the prime factors of 15992710.
2, 5, 1599271
List the prime factors of 6775308.
2, 3, 53, 67
List the prime factors of 633178.
2, 7, 13, 71
List the prime factors of 1290471.
3, 7, 13, 29, 163
List the prime factors of 47485.
5, 9497
List the prime factors of 1945435.
5, 607, 641
List the prime factors of 16680427.
73, 83, 2753
List the prime factors of 334719.
3, 7, 11, 23
What are the prime factors of 4959257?
17, 291721
What are the prime factors of 15817151?
7, 29, 11131
What are the prime factors of 267012?
2, 3, 7417
List the prime factors of 39434.
2, 19717
List the prime factors of 6218391.
3, 443, 4679
List the prime factors of 5612330.
2, 5, 677, 829
What are the prime factors of 27219812?
2, 6804953
List the prime factors of 434897.
67, 6491
List the prime factors of 30614765.
5, 337, 18169
List the prime factors of 1160190.
2, 3, 5, 4297
List the prime factors of 89219.
13, 6863
List the prime factors of 411142.
2, 311, 661
What are the prime factors of 9454452?
2, 3, 7, 2297
What are the prime factors of 208279?
208279
List the prime factors of 1118008.
2, 29, 61, 79
What are the prime factors of 6890167?
6890167
List the prime factors of 4372302.
2, 3, 11, 31, 2137
List the prime factors of 1049979.
3, 7, 49999
List the prime factors of 36725138.
2, 19, 89, 10859
List the prime factors of 5213657.
19, 274403
What are the prime factors of 780129?
3, 7, 29, 61
What are the prime factors of 12114018?
2, 3, 7, 79, 1217
What are the prime factors of 15943303?
15943303
List the prime factors of 3490783.
43, 81181
What are the prime factors of 515653?
515653
What are the prime factors of 8488684?
2, 59, 35969
What are the prime factors of 2094703?
13, 269, 599
List the prime factors of 75480.
2, 3, 5, 17, 37
What are the prime factors of 3520157?
3520157
List the prime factors of 3872223.
3, 107, 4021
What are the prime factors of 1183560?
2, 3, 5, 7, 1409
List the prime factors of 3690071.
7, 11, 17, 2819
What are the prime factors of 419314?
2, 7, 61, 491
What are the prime factors of 15736573?
15736573
What are the prime factors of 167135?
5, 33427
What are the prime factors of 224526?
2, 3, 23, 1627
List the prime factors of 2074753.
2074753
List the prime factors of 28123480.
2, 5, 7, 11, 23, 397
What are the prime factors of 1376558?
2, 17, 40487
List the prime factors of 467038.
2, 11, 13, 23, 71
What are the prime factors of 21201904?
2, 1325119
What are the prime factors of 3011117?
3011117
What are the prime factors of 209135?
5, 151, 277
List the prime factors of 71786.
2, 11, 13, 251
List the prime factors of 261359.
7, 37337
What are the prime factors of 375369?
3, 211, 593
What are the prime factors of 2870970?
2, 3, 5, 83, 1153
What are the prime factors of 2656463?
977, 2719
List the prime factors of 8613533.
379, 22727
What are the prime factors of 13962297?
3, 4654099
List the prime factors of 10510638.
2, 3, 1751773
What are the prime factors of 1018335?
3, 5, 29, 2341
List the prime factors of 1812664.
2, 7, 32369
What are the prime factors of 84199?
84199
What are the prime factors of 1389314?
2, 109, 6373
List the prime factors of 6277536.
2, 3, 71, 307
What are the prime factors of 132971?
132971
What are the prime factors of 15584317?
7, 23, 96797
What are the prime factors of 3107907?
3, 11, 31393
List the prime factors of 2348888.
2, 89, 3299
What are the prime factors of 4182061?
13, 29, 11093
List the prime factors of 201527.
137, 1471
List the prime factors of 648469.
29, 59, 379
List the prime factors of 739703.
23, 29, 1109
What are the prime factors of 2295631?
13, 41, 59, 73
What are the prime factors of 1501021?
1501021
What are the prime factors of 4341920?
2, 5, 11, 2467
List the prime factors of 708265.
5, 141653
List the prime factors of 16131996.
2, 3, 448111
List the prime factors of 1399131.
3, 83, 1873
What are the prime factors of 3846919?
887, 4337
List the prime factors of 14792289.
3, 23, 214381
What are the prime factors of 15918991?
11, 37, 39113
What are the prime factors of 581020?
2, 5, 11, 19, 139
What are the prime factors of 5810059?
569, 10211
List the prime factors of 174436.
2, 43609
What are the prime factors of 23429432?
2, 13, 19, 71, 167
What are the prime factors of 54780?
2, 3, 5, 11, 83
List the prime factors of 517595.
5, 13, 7963
What are the prime factors of 100587?
3, 33529
List the prime factors of 8780925.
3, 5, 17, 71, 97
List the prime factors of 1916310.
2, 3, 5, 11, 5807
List the prime factors of 527572.
2, 131893
List the prime factors of 26638845.
3, 5, 71, 25013
List the prime factors of 456705.
3, 5, 17, 199
List the prime factors of 1020508.
2, 255127
List the prime factors of 178672.
2, 13, 859
What are the prime factors of 202437?
3, 83, 271
What are the prime factors of 2969444?
2, 607, 1223
List the prime factors of 2004947.
7, 286421
List the prime factors of 855997.
855997
What are the prime factors of 449232?
2, 3, 7, 191
List the prime factors of 7161283.
1153, 6211
What are the prime factors of 208962?
2, 3, 13, 19, 47
List the prime factors of 190227.
3, 63409
List the prime factors of 348050.
2, 5, 6961
What are the prime factors of 6310295?
5, 103, 12253
What are the prime factors of 706634?
2, 353317
List the prime factors of 11508638.
2, 167, 34457
List the prime factors of 901384.
2, 11, 10243
What are the prime factors of 256149?
3, 53, 179
What are the prime factors of 371615?
5, 74323
List the prime factors of 1405121.
751, 1871
What are the prime factors of 8833?
11, 73
What are the prime factors of 1540952?
2, 7, 3931
What are the prime factors of 2022502?
2, 31, 32621
What are the prime factors of 6136119?
3, 11, 61981
What are the prime factors of 308296?
2, 89, 433
What are the prime factors of 1405912?
2, 31, 5669
List the prime factors of 19659524.
2, 4914881
List the prime factors of 1936154.
2, 11, 88007
List the prime factors of 654204.
2, 3, 54517
List the prime factors of 804805.
5, 53, 3037
List the prime factors of 290244.
2, 3, 19, 67
List the prime factors of 10568204.
2, 109, 24239
List the prime factors of 456855.
3, 5, 7, 19, 229
List the prime factors of 646783.
23, 61, 461
What are the prime factors of 749137?
749137
List the prime factors of 6912368.
2, 432023
What are the prime factors of 13761325?
5, 331, 1663
What are the prime factors of 1081947?
3, 360649
List the prime factors of 123755.
5, 53, 467
List the prime factors of 3630.
2, 3, 5, 11
What are the prime factors of 4261589?
4261589
List the prime factors of 273991.
311, 881
What are the prime factors of 1183788?
2, 3, 97, 113
List the prime factors of 311213.
7, 23, 1933
What are the prime factors of 12107917?
37, 229, 1429
List the prime factors of 14789691.
3, 7, 181, 1297
List the prime factors of 1415292.
2, 3, 59, 1999
What are the prime factors of 16904412?
2, 3, 7, 37
What are the prime factors of 14059936?
2, 11, 59, 677
List the prime factors of 23032670.
2, 5, 29, 79423
What are the prime factors of 6308965?
5, 13, 31, 101
What are the prime factors of 1780329?
3, 37, 43, 373
What are the prime factors of 3501778?
2, 7, 389, 643
List the prime factors of 4665320.
2, 5, 11, 23, 461
List the prime factors of 207934.
2, 103967
List the prime factors of 6033.
3, 2011
What are the prime factors of 23700025?
5, 61, 15541
List the prime factors of 13411770.
2, 3, 5, 167, 2677
List the prime factors of 3786002.
2, 11, 17, 53, 191
What are the prime factors of 388549?
7, 47, 1181
List the prime factors of 418628.
2, 7, 14951
List the prime factors of 1028690.
2, 5, 13, 41, 193
List the prime factors of 16322053.
11, 12263
What are the prime factors of 318071?
13, 43, 569
List the prime factors of 1595658.
2, 3, 19, 13997
List the prime factors of 76507.
76507
List the prime factors of 23773.
23773
List the prime factors of 2270526.
2, 3, 29, 13049
What are the prime factors of 214973?
11, 19543
What are the prime factors of 3316263?
3, 53, 20857
What are the prime factors of 294432?
2, 3, 3067
What are the prime factors of 4182605?
5, 7, 119503
List the prime factors of 2977227.
3, 11, 17, 29, 61
List the prime factors of 573339.
3, 13, 61, 241
What are the prime factors of 11251547?
11251547
What are 